{"id":28,"date":"2024-06-28T10:30:28","date_gmt":"2024-06-28T08:30:28","guid":{"rendered":"https:\/\/wordpress-krio-hu.empressia.dev\/?page_id=28"},"modified":"2025-02-19T10:07:47","modified_gmt":"2025-02-19T09:07:47","slug":"laborvizsgalatok","status":"publish","type":"page","link":"https:\/\/krio.hu\/szolgaltatasaink\/laborvizsgalatok","title":{"rendered":"Genetikai laborvizsg\u00e1lat"},"content":{"rendered":"\n<section class=\"hero flex flex-col justify-center bg-center bg-cover bg-no-repeat py-32 lg:py-48 mb-72 xl:mb-120 relative min-h-[20.5rem] xl:min-h-[26rem]\" style=\"background-image: url(https:\/\/krio.hu\/wp-content\/uploads\/2024\/07\/hero_bg.webp)\">\n\t<div class=\"container items-center\">\n\t\t<h1 class=\"text-center text-blue max-w-[90%] md:max-w-[60%] lg:max-w-[80%] xxl:max-w-1200 mx-auto\">\n\t\t\t\n\t\t\t\n\t\t\t\t\t\t\t<span class=\"font-extralight break-words\">Genetikai laborvizsg\u00e1latok<\/span>\n\t\t\t\t\t<\/h1>\n\t<\/div>\n\n\t<div class=\"absolute left-[-14rem] bottom-[-10.8rem] md:bottom-[-15.8rem] xl:bottom-[-20.3rem]\">\n\t\t<svg width=\"500\" height=\"500\" viewbox=\"0 0 500 500\" fill=\"none\" xmlns=\"http:\/\/www.w3.org\/2000\/svg\" class=\"size-180 md:size-260 xl:size-340\">\n\t\t\t<mask id=\"mask0_1511_27028\" style=\"mask-type:alpha\" maskunits=\"userSpaceOnUse\" x=\"0\" y=\"0\" width=\"500\" height=\"200\">\n\t\t\t\t<rect width=\"500\" height=\"200\" transform=\"matrix(-1 0 0 1 500 0)\" fill=\"#D9D9D9\"\/>\n\t\t\t<\/mask>\n\t\t\t<g mask=\"url(#mask0_1511_27028)\">\n\t\t\t\t<path d=\"M214.686 463.894C166.261 512.319 87.156 511.726 38.731 463.301C-9.69398 414.876 -10.2866 335.771 38.1384 287.346L287.04 38.4443C335.465 -9.98075 414.57 -9.3881 462.995 39.0369C511.42 87.4619 512.013 166.567 463.588 214.992L214.686 463.894Z\" fill=\"#FE6F20\"\/>\n\t\t\t<\/g>\n\t\t\t<path d=\"M214.404 462.612C166.377 510.639 87.7903 509.946 39.7484 461.905C-8.29344 413.863 -8.98578 335.276 39.0413 287.249L287.943 38.3476C335.97 -9.67956 414.556 -8.98719 462.598 39.0547C510.64 87.0966 511.333 165.683 463.305 213.71L214.404 462.612Z\" stroke=\"#FE6F20\" stroke-width=\"2\"\/>\n\t\t<\/svg>\n\t<\/div>\n\n\t<div class=\"absolute right-[-10rem] bottom-[-7.2rem] md:bottom-[-10.4rem] xl:bottom-[-13.6rem]\">\n\t\t<svg width=\"500\" height=\"500\" viewbox=\"0 0 500 500\" fill=\"none\" xmlns=\"http:\/\/www.w3.org\/2000\/svg\" class=\"size-180 md:size-260 xl:size-340\">\n\t\t\t<mask id=\"mask0_1511_27023\" style=\"mask-type:alpha\" maskunits=\"userSpaceOnUse\" x=\"0\" y=\"0\" width=\"500\" height=\"300\">\n\t\t\t\t<rect width=\"500\" height=\"300\" fill=\"#D9D9D9\"\/>\n\t\t\t<\/mask>\n\t\t\t<g mask=\"url(#mask0_1511_27023)\">\n\t\t\t\t<path d=\"M285.622 36.4146C334.047 -12.0104 413.069 -11.5011 461.494 36.9239C509.919 85.349 510.429 164.371 462.004 212.796L213.102 461.697C164.677 510.122 85.6552 509.613 37.2302 461.188C-11.1948 412.763 -11.7041 333.741 36.7209 285.316L285.622 36.4146Z\" fill=\"#1560DA\"\/>\n\t\t\t<\/g>\n\t\t\t<path d=\"M285.596 37.3883C333.623 -10.6388 412.21 -9.94644 460.252 38.0955C508.293 86.1373 508.986 164.724 460.959 212.751L212.057 461.652C164.03 509.68 85.4436 508.987 37.4017 460.945C-10.6402 412.903 -11.3325 334.317 36.6946 286.29L285.596 37.3883Z\" stroke=\"#1560DA\" stroke-width=\"2\"\/>\n\t\t<\/svg>\n\t<\/div>\n<\/section>\n\n\n\n<section class=\"section-with-heading-and-text section-margin section-margin--small\">\n\t<div class=\"container\">\n\n\t\t\t\t\t\n\t\t\t\n    <h2   class=\"h2  text-blue break-words \">\n\n            C\u00e9lzott genetikai laborvizsg\u00e1latok\n\n    <\/h2>\n\n\t\t\n\t\t\t\t\t\t\t\t<div class=\"mt-24 xl:mt-40 xl:ml-100 space-y-24 lead-paragraph \"><p><strong>Int\u00e9zet\u00fcnk a New Era Genetics-el egy\u00fcttm\u0171k\u00f6dve lehet\u0151s\u00e9get biztos\u00edt genetikai sz\u0171r\u0151teszthez sz\u00fcks\u00e9ges v\u00e9rv\u00e9tel elv\u00e9gz\u00e9s\u00e9hez.<\/strong><\/p>\n<p><span class=\"paragraph--m\">Csal\u00e1dias, hangulatos k\u00f6rnyezetben, ingyenes parkol\u00e1si lehet\u0151s\u00e9ggel, Bud\u00e1n a II. ker\u00fcletben v\u00e1runk szeretettel minden kismam\u00e1t a Krio Int\u00e9zet v\u00e9rv\u00e9teli rendel\u0151j\u00e9ben. A v\u00e9rv\u00e9tel n\u00e1lunk nyugodt, kellemes k\u00f6rnyezetben t\u00f6rt\u00e9nik, t\u00f6bb \u00e9ves szakmai tapasztalattal rendelkez\u0151 eg\u00e9szs\u00e9g\u00fcgyi szem\u00e9lyzet \u00e1ltal. El\u0151re egyeztetett id\u0151pontban fogadjuk a p\u00e1cienseket, \u00edgy nincs sz\u00fcks\u00e9g v\u00e1rakoz\u00e1sra.<\/span><\/p>\n<p><span class=\"paragraph--m\"><strong><span style=\"text-decoration: underline;\">Sz\u0171r\u0151tesztek:\u00a0<\/span><\/strong><\/span><\/p>\n<ul>\n<li><span class=\"paragraph--m\">Lakt\u00f3z-intolerancia (LCT 13910C\/T) &#8211; 20.000 Ft<\/span><\/li>\n<li><span class=\"paragraph--m\">Lakt\u00f3z intolerancia genetikai meghat\u00e1roz\u00e1sa \u2013 LCT 22018G\/A polimorfizmus &#8211; 20.000 Ft<\/span><\/li>\n<li><span class=\"paragraph--m\">C\u00f6li\u00e1kia (liszt\u00e9rz\u00e9kenys\u00e9g) genetikai vizsg\u00e1lata &#8211; 18000 Ft<\/span><\/li>\n<li><span class=\"paragraph--m\">Lakt\u00f3z \u00e9s c\u00f6li\u00e1kia panel &#8211; 39.000 Ft<\/span><\/li>\n<li><span class=\"paragraph--m\">Leiden\/V. faktor- mut\u00e1ci\u00f3 &#8211; 16.000 Ft<\/span><\/li>\n<li><span class=\"paragraph--m\">Prothrombin g\u00e9n (PT) \u2013 G20210A mut\u00e1ci\u00f3 meghat\u00e1roz\u00e1sa &#8211; 15.000 Ft<\/span><\/li>\n<li><span class=\"paragraph--m\">MTHFR g\u00e9n &#8211; C677T mut\u00e1ci\u00f3 meghat\u00e1roz\u00e1sa &#8211; 18.000 Ft<\/span><\/li>\n<li><span class=\"paragraph--m\">MTHFR g\u00e9n \u2013 A1298C mut\u00e1ci\u00f3 meghat\u00e1roz\u00e1sa &#8211; 18.000 Ft<\/span><\/li>\n<li><span class=\"paragraph--m\">PAI-1 4G\/5G polimorfizmus &#8211; 26.000 Ft<\/span><\/li>\n<li><span class=\"paragraph--m\">FSH-receptor Ser680Asn polimorfizmus meghat\u00e1roz\u00e1sa v\u00e9rmint\u00e1b\u00f3l &#8211; 20.000 Ft<\/span><\/li>\n<li><span class=\"paragraph--m\">LHCG-receptor Asn312Ser polimorfizmus meghat\u00e1roz\u00e1sa v\u00e9rmint\u00e1b\u00f3l &#8211; 30.000 Ft<\/span><\/li>\n<li><span class=\"paragraph--m\">Tromb\u00f3zis 3 mut\u00e1ci\u00f3 panel (Leiden, Protrombin, MTHFR 677) &#8211; 39.000 Ft<\/span><\/li>\n<li><span class=\"paragraph--m\">Tromb\u00f3zis 4 mut\u00e1ci\u00f3 panel (Leiden, Protrombin, MTHFR 677, MTHFR 1298) &#8211; 49.000 Ft<\/span><\/li>\n<li><span class=\"paragraph--m\">Thrombosis 5 mut\u00e1ci\u00f3 panel (FV+PT+MTHFR 677 + MTHFR 1298+PAI) &#8211; 75.000 Ft<\/span><\/li>\n<li><span class=\"paragraph--m\">Y-kromosz\u00f3ma mikrodel\u00e9ci\u00f3 meghat\u00e1roz\u00e1sa v\u00e9rmint\u00e1b\u00f3l &#8211; 55.000 Ft<\/span><\/li>\n<li><span class=\"paragraph--m\">Teljes Exom szekven\u00e1l\u00e1s &#8211; 349.000 Ft<\/span><\/li>\n<li><span class=\"paragraph--m\">BRCA (NGS) \u2013 \u00f6r\u00f6kl\u0151d\u0151 eml\u0151- \u00e9s petef\u00e9szekr\u00e1k genetika &#8211; 189.000 Ft<\/span><\/li>\n<li><span class=\"paragraph--m\">BRCA Focus \u2013 \u00f6r\u00f6kl\u0151d\u0151 eml\u0151- \u00e9s petef\u00e9szekr\u00e1k genetika &#8211; 125.000 Ft<\/span><\/li>\n<li><span class=\"paragraph--m\">Family-Check \u2013 C\u00e9lzott mut\u00e1ci\u00f3 vizsg\u00e1lat &#8211; 79.000 Ft<\/span><\/li>\n<li><span class=\"paragraph--m\">PCA3 &#8211; 89.000 Ft<\/span><\/li>\n<\/ul>\n<\/div>\n\t\t\n        \n\t<\/div>\n<\/section>\n\n\n\t<section class=\"alignfull section-margin section-margin--small\">\n  <div class=\"cta cta--gray container flex flex-col items-center gap-y-24 text-center pt-24 pb-32 px-24 lg:p-40 rounded-tr-16 rounded-br-16 rounded-bl-16 overflow-hidden relative\">\n    \n    <div class=\"container flex flex-col items-center gap-y-32 text-center relative z-1\">\n        <figure>\n    <img decoding=\"async\" src=\"https:\/\/krio.hu\/wp-content\/uploads\/2024\/07\/InfoBlueWithTransparentBg.svg\" alt=\"Icon\" class=\"style-svg w-48 h-auto\" \/>\n  <\/figure>\n\n<div class=\"flex flex-col gap-8\">\n      \n    <h2   class=\"h5  lg:max-w-[97rem]\">\n\n            V\u00e9rv\u00e9teli napok: h\u00e9tf\u0151, szerda 07:30 &#8211; 10:00\n\n    <\/h2>\n\n  \n  <\/div>\n\n<div class=\"flex flex-col sm:flex-row justify-center items-center flex-wrap gap-8 md:gap-y-16 md:gap-x-40 w-full sm:w-auto\">\n      \n\t\n\t\n\t\t\t\t\t<a href=\"https:\/\/medicall.cc\/idopontfoglalas\/krio\/specializations?qualificationId=99165\" target=\"_blank\"  rel=\"noopener noreferrer nofollow\"  class=\"button primary  button--big w-full sm:w-auto \">\n        \n        \n                    Bejelentkez\u00e9s, id\u0151pontfoglal\u00e1s\n        \n        \n        \n                    <\/a>\n\t\t\n\t\n  \n        <\/div>\n    <\/div>\n  <\/div>\n<\/section>\n","protected":false},"excerpt":{"rendered":"","protected":false},"author":1,"featured_media":0,"parent":22,"menu_order":0,"comment_status":"closed","ping_status":"closed","template":"","meta":{"_acf_changed":false,"inline_featured_image":false,"editor_plus_copied_stylings":"{}","footnotes":""},"class_list":["post-28","page","type-page","status-publish","hentry"],"yoast_head":"<!-- This site is optimized with the Yoast SEO plugin v27.5 - https:\/\/yoast.com\/product\/yoast-seo-wordpress\/ -->\n<title>Genetikai laborvizsg\u00e1lat - K\u00f6ss\u00f6n a Krio Int\u00e9zetn\u00e9l \u0151ssejtt\u00e1rol\u00e1si csomagot kedvezm\u00e9nyes \u00e1ron<\/title>\n<meta name=\"robots\" content=\"index, follow, max-snippet:-1, max-image-preview:large, max-video-preview:-1\" \/>\n<link rel=\"canonical\" href=\"https:\/\/krio.hu\/szolgaltatasaink\/laborvizsgalatok\" \/>\n<meta property=\"og:locale\" content=\"hu_HU\" \/>\n<meta property=\"og:type\" content=\"article\" \/>\n<meta property=\"og:title\" content=\"Genetikai laborvizsg\u00e1lat - K\u00f6ss\u00f6n a Krio Int\u00e9zetn\u00e9l \u0151ssejtt\u00e1rol\u00e1si csomagot kedvezm\u00e9nyes \u00e1ron\" \/>\n<meta property=\"og:url\" content=\"https:\/\/krio.hu\/szolgaltatasaink\/laborvizsgalatok\" \/>\n<meta property=\"og:site_name\" content=\"K\u00f6ss\u00f6n a Krio Int\u00e9zetn\u00e9l \u0151ssejtt\u00e1rol\u00e1si csomagot kedvezm\u00e9nyes \u00e1ron\" \/>\n<meta property=\"article:modified_time\" content=\"2025-02-19T09:07:47+00:00\" \/>\n<meta name=\"twitter:card\" content=\"summary_large_image\" \/>\n<script type=\"application\/ld+json\" class=\"yoast-schema-graph\">{\"@context\":\"https:\\\/\\\/schema.org\",\"@graph\":[{\"@type\":\"WebPage\",\"@id\":\"https:\\\/\\\/krio.hu\\\/szolgaltatasaink\\\/laborvizsgalatok\",\"url\":\"https:\\\/\\\/krio.hu\\\/szolgaltatasaink\\\/laborvizsgalatok\",\"name\":\"Genetikai laborvizsg\u00e1lat - K\u00f6ss\u00f6n a Krio Int\u00e9zetn\u00e9l \u0151ssejtt\u00e1rol\u00e1si csomagot kedvezm\u00e9nyes \u00e1ron\",\"isPartOf\":{\"@id\":\"https:\\\/\\\/krio.hu\\\/#website\"},\"datePublished\":\"2024-06-28T08:30:28+00:00\",\"dateModified\":\"2025-02-19T09:07:47+00:00\",\"breadcrumb\":{\"@id\":\"https:\\\/\\\/krio.hu\\\/szolgaltatasaink\\\/laborvizsgalatok#breadcrumb\"},\"inLanguage\":\"hu\",\"potentialAction\":[{\"@type\":\"ReadAction\",\"target\":[\"https:\\\/\\\/krio.hu\\\/szolgaltatasaink\\\/laborvizsgalatok\"]}]},{\"@type\":\"BreadcrumbList\",\"@id\":\"https:\\\/\\\/krio.hu\\\/szolgaltatasaink\\\/laborvizsgalatok#breadcrumb\",\"itemListElement\":[{\"@type\":\"ListItem\",\"position\":1,\"name\":\"Kezd\u0151lap\",\"item\":\"https:\\\/\\\/krio.hu\\\/\"},{\"@type\":\"ListItem\",\"position\":2,\"name\":\"Szolg\u00e1ltat\u00e1saink\",\"item\":\"https:\\\/\\\/krio.hu\\\/szolgaltatasaink\"},{\"@type\":\"ListItem\",\"position\":3,\"name\":\"Genetikai laborvizsg\u00e1lat\"}]},{\"@type\":\"WebSite\",\"@id\":\"https:\\\/\\\/krio.hu\\\/#website\",\"url\":\"https:\\\/\\\/krio.hu\\\/\",\"name\":\"K\u00f6ss\u00f6n a Krio Int\u00e9zetn\u00e9l \u0151ssejtt\u00e1rol\u00e1si csomagot kedvezm\u00e9nyes \u00e1ron\",\"description\":\"\",\"potentialAction\":[{\"@type\":\"SearchAction\",\"target\":{\"@type\":\"EntryPoint\",\"urlTemplate\":\"https:\\\/\\\/krio.hu\\\/?s={search_term_string}\"},\"query-input\":{\"@type\":\"PropertyValueSpecification\",\"valueRequired\":true,\"valueName\":\"search_term_string\"}}],\"inLanguage\":\"hu\"}]}<\/script>\n<!-- \/ Yoast SEO plugin. -->","yoast_head_json":{"title":"Genetikai laborvizsg\u00e1lat - K\u00f6ss\u00f6n a Krio Int\u00e9zetn\u00e9l \u0151ssejtt\u00e1rol\u00e1si csomagot kedvezm\u00e9nyes \u00e1ron","robots":{"index":"index","follow":"follow","max-snippet":"max-snippet:-1","max-image-preview":"max-image-preview:large","max-video-preview":"max-video-preview:-1"},"canonical":"https:\/\/krio.hu\/szolgaltatasaink\/laborvizsgalatok","og_locale":"hu_HU","og_type":"article","og_title":"Genetikai laborvizsg\u00e1lat - K\u00f6ss\u00f6n a Krio Int\u00e9zetn\u00e9l \u0151ssejtt\u00e1rol\u00e1si csomagot kedvezm\u00e9nyes \u00e1ron","og_url":"https:\/\/krio.hu\/szolgaltatasaink\/laborvizsgalatok","og_site_name":"K\u00f6ss\u00f6n a Krio Int\u00e9zetn\u00e9l \u0151ssejtt\u00e1rol\u00e1si csomagot kedvezm\u00e9nyes \u00e1ron","article_modified_time":"2025-02-19T09:07:47+00:00","twitter_card":"summary_large_image","schema":{"@context":"https:\/\/schema.org","@graph":[{"@type":"WebPage","@id":"https:\/\/krio.hu\/szolgaltatasaink\/laborvizsgalatok","url":"https:\/\/krio.hu\/szolgaltatasaink\/laborvizsgalatok","name":"Genetikai laborvizsg\u00e1lat - K\u00f6ss\u00f6n a Krio Int\u00e9zetn\u00e9l \u0151ssejtt\u00e1rol\u00e1si csomagot kedvezm\u00e9nyes \u00e1ron","isPartOf":{"@id":"https:\/\/krio.hu\/#website"},"datePublished":"2024-06-28T08:30:28+00:00","dateModified":"2025-02-19T09:07:47+00:00","breadcrumb":{"@id":"https:\/\/krio.hu\/szolgaltatasaink\/laborvizsgalatok#breadcrumb"},"inLanguage":"hu","potentialAction":[{"@type":"ReadAction","target":["https:\/\/krio.hu\/szolgaltatasaink\/laborvizsgalatok"]}]},{"@type":"BreadcrumbList","@id":"https:\/\/krio.hu\/szolgaltatasaink\/laborvizsgalatok#breadcrumb","itemListElement":[{"@type":"ListItem","position":1,"name":"Kezd\u0151lap","item":"https:\/\/krio.hu\/"},{"@type":"ListItem","position":2,"name":"Szolg\u00e1ltat\u00e1saink","item":"https:\/\/krio.hu\/szolgaltatasaink"},{"@type":"ListItem","position":3,"name":"Genetikai laborvizsg\u00e1lat"}]},{"@type":"WebSite","@id":"https:\/\/krio.hu\/#website","url":"https:\/\/krio.hu\/","name":"K\u00f6ss\u00f6n a Krio Int\u00e9zetn\u00e9l \u0151ssejtt\u00e1rol\u00e1si csomagot kedvezm\u00e9nyes \u00e1ron","description":"","potentialAction":[{"@type":"SearchAction","target":{"@type":"EntryPoint","urlTemplate":"https:\/\/krio.hu\/?s={search_term_string}"},"query-input":{"@type":"PropertyValueSpecification","valueRequired":true,"valueName":"search_term_string"}}],"inLanguage":"hu"}]}},"acf":[],"gutenberg_blocks":[{"blockName":"custom-styles","attrs":{"styles":""}},{"blockName":"acf\/hero","attrs":{"name":"acf\/hero","data":{"hero_bold_heading":"","_hero_bold_heading":"field_661e8faa02653","hero_normal_heading":"Genetikai laborvizsg\u00e1latok","_hero_normal_heading":"field_661e8fca02654"},"mode":"edit"},"innerBlocks":[],"innerHTML":"","innerContent":[]},{"blockName":"acf\/section-with-heading-and-text","attrs":{"name":"acf\/section-with-heading-and-text","data":{"swh_heading_heading_text":"C\u00e9lzott genetikai laborvizsg\u00e1latok","_swh_heading_heading_text":"field_638627ccced84","swh_heading_heading_level":"h2","_swh_heading_heading_level":"field_638627e7ced85","swh_heading_heading_variant":"h2","_swh_heading_heading_variant":"field_63862847ced86","swh_heading_extra_classes":"","_swh_heading_extra_classes":"field_638628eeced88","swh_heading":"","_swh_heading":"field_661f7a31d7af2","swh_text_content":"<strong>Int\u00e9zet\u00fcnk a New Era Genetics-el egy\u00fcttm\u0171k\u00f6dve lehet\u0151s\u00e9get biztos\u00edt genetikai sz\u0171r\u0151teszthez sz\u00fcks\u00e9ges v\u00e9rv\u00e9tel elv\u00e9gz\u00e9s\u00e9hez.<\/strong>\r\n\r\n<span class=\"paragraph--m\">Csal\u00e1dias, hangulatos k\u00f6rnyezetben, ingyenes parkol\u00e1si lehet\u0151s\u00e9ggel, Bud\u00e1n a II. ker\u00fcletben v\u00e1runk szeretettel minden kismam\u00e1t a Krio Int\u00e9zet v\u00e9rv\u00e9teli rendel\u0151j\u00e9ben. A v\u00e9rv\u00e9tel n\u00e1lunk nyugodt, kellemes k\u00f6rnyezetben t\u00f6rt\u00e9nik, t\u00f6bb \u00e9ves szakmai tapasztalattal rendelkez\u0151 eg\u00e9szs\u00e9g\u00fcgyi szem\u00e9lyzet \u00e1ltal. El\u0151re egyeztetett id\u0151pontban fogadjuk a p\u00e1cienseket, \u00edgy nincs sz\u00fcks\u00e9g v\u00e1rakoz\u00e1sra.<\/span>\r\n\r\n<span class=\"paragraph--m\"><strong><span style=\"text-decoration: underline;\">Sz\u0171r\u0151tesztek:\u00a0<\/span><\/strong><\/span>\r\n<ul>\r\n \t<li><span class=\"paragraph--m\">Lakt\u00f3z-intolerancia (LCT 13910C\/T) - 20.000 Ft<\/span><\/li>\r\n \t<li><span class=\"paragraph--m\">Lakt\u00f3z intolerancia genetikai meghat\u00e1roz\u00e1sa \u2013 LCT 22018G\/A polimorfizmus - 20.000 Ft<\/span><\/li>\r\n \t<li><span class=\"paragraph--m\">C\u00f6li\u00e1kia (liszt\u00e9rz\u00e9kenys\u00e9g) genetikai vizsg\u00e1lata - 18000 Ft<\/span><\/li>\r\n \t<li><span class=\"paragraph--m\">Lakt\u00f3z \u00e9s c\u00f6li\u00e1kia panel - 39.000 Ft<\/span><\/li>\r\n \t<li><span class=\"paragraph--m\">Leiden\/V. faktor- mut\u00e1ci\u00f3 - 16.000 Ft<\/span><\/li>\r\n \t<li><span class=\"paragraph--m\">Prothrombin g\u00e9n (PT) \u2013 G20210A mut\u00e1ci\u00f3 meghat\u00e1roz\u00e1sa - 15.000 Ft<\/span><\/li>\r\n \t<li><span class=\"paragraph--m\">MTHFR g\u00e9n - C677T mut\u00e1ci\u00f3 meghat\u00e1roz\u00e1sa - 18.000 Ft<\/span><\/li>\r\n \t<li><span class=\"paragraph--m\">MTHFR g\u00e9n \u2013 A1298C mut\u00e1ci\u00f3 meghat\u00e1roz\u00e1sa - 18.000 Ft<\/span><\/li>\r\n \t<li><span class=\"paragraph--m\">PAI-1 4G\/5G polimorfizmus - 26.000 Ft<\/span><\/li>\r\n \t<li><span class=\"paragraph--m\">FSH-receptor Ser680Asn polimorfizmus meghat\u00e1roz\u00e1sa v\u00e9rmint\u00e1b\u00f3l - 20.000 Ft<\/span><\/li>\r\n \t<li><span class=\"paragraph--m\">LHCG-receptor Asn312Ser polimorfizmus meghat\u00e1roz\u00e1sa v\u00e9rmint\u00e1b\u00f3l - 30.000 Ft<\/span><\/li>\r\n \t<li><span class=\"paragraph--m\">Tromb\u00f3zis 3 mut\u00e1ci\u00f3 panel (Leiden, Protrombin, MTHFR 677) - 39.000 Ft<\/span><\/li>\r\n \t<li><span class=\"paragraph--m\">Tromb\u00f3zis 4 mut\u00e1ci\u00f3 panel (Leiden, Protrombin, MTHFR 677, MTHFR 1298) - 49.000 Ft<\/span><\/li>\r\n \t<li><span class=\"paragraph--m\">Thrombosis 5 mut\u00e1ci\u00f3 panel (FV+PT+MTHFR 677 + MTHFR 1298+PAI) - 75.000 Ft<\/span><\/li>\r\n \t<li><span class=\"paragraph--m\">Y-kromosz\u00f3ma mikrodel\u00e9ci\u00f3 meghat\u00e1roz\u00e1sa v\u00e9rmint\u00e1b\u00f3l - 55.000 Ft<\/span><\/li>\r\n \t<li><span class=\"paragraph--m\">Teljes Exom szekven\u00e1l\u00e1s - 349.000 Ft<\/span><\/li>\r\n \t<li><span class=\"paragraph--m\">BRCA (NGS) \u2013 \u00f6r\u00f6kl\u0151d\u0151 eml\u0151- \u00e9s petef\u00e9szekr\u00e1k genetika - 189.000 Ft<\/span><\/li>\r\n \t<li><span class=\"paragraph--m\">BRCA Focus \u2013 \u00f6r\u00f6kl\u0151d\u0151 eml\u0151- \u00e9s petef\u00e9szekr\u00e1k genetika - 125.000 Ft<\/span><\/li>\r\n \t<li><span class=\"paragraph--m\">Family-Check \u2013 C\u00e9lzott mut\u00e1ci\u00f3 vizsg\u00e1lat - 79.000 Ft<\/span><\/li>\r\n \t<li><span class=\"paragraph--m\">PCA3 - 89.000 Ft<\/span><\/li>\r\n<\/ul>","_swh_text_content":"field_661f7a4ed7af3","swh_text_font_size":"bigger","_swh_text_font_size":"field_661f7c6138932","swh_text":"","_swh_text":"field_661f7be79ef3c","swh_button_title":"","_swh_button_title":"field_61d40397c2f0a","swh_button_button_type":"link","_swh_button_button_type":"field_63bbde3b8f0d0","swh_button_link":"","_swh_button_link":"field_61d4039bc2f0b","swh_button_button_style":"primary","_swh_button_button_style":"field_63872d045d0f0","swh_button_target":"_self","_swh_button_target":"field_63872c705d0ef","swh_button_button_extra_classes":"","_swh_button_button_extra_classes":"field_642beab6a97de","swh_button":"","_swh_button":"field_66853a6d75ca9","swh_limited_heading_width":"0","_swh_limited_heading_width":"field_661f7a72d7af6","swh_limited_text_width":"0","_swh_limited_text_width":"field_661fc398f3636","swh_disable_bottom_margin":"0","_swh_disable_bottom_margin":"field_6683eac068913"},"mode":"edit"},"innerBlocks":[],"innerHTML":"","innerContent":[]},{"blockName":"acf\/cta","attrs":{"name":"acf\/cta","data":{"cta_icon":3378,"_cta_icon":"field_65c36f123b0fc","cta_heading_heading_text":"V\u00e9rv\u00e9teli napok: h\u00e9tf\u0151, szerda 07:30 - 10:00","_cta_heading_heading_text":"field_638627ccced84","cta_heading_heading_level":"h2","_cta_heading_heading_level":"field_638627e7ced85","cta_heading_heading_variant":"h5","_cta_heading_heading_variant":"field_63862847ced86","cta_heading_extra_classes":"","_cta_heading_extra_classes":"field_638628eeced88","cta_heading":"","_cta_heading":"field_65c36f3b3b0fd","cta_info":"","_cta_info":"field_65c36f473b0fe","cta_button_title":"Bejelentkez\u00e9s, id\u0151pontfoglal\u00e1s","_cta_button_title":"field_61d40397c2f0a","cta_button_button_type":"link","_cta_button_button_type":"field_63bbde3b8f0d0","cta_button_link":{"title":"","url":"https:\/\/medicall.cc\/idopontfoglalas\/krio\/specializations?qualificationId=99165","target":""},"_cta_button_link":"field_61d4039bc2f0b","cta_button_button_style":"primary","_cta_button_button_style":"field_63872d045d0f0","cta_button_target":"_blank","_cta_button_target":"field_63872c705d0ef","cta_button_button_extra_classes":"","_cta_button_button_extra_classes":"field_642beab6a97de","cta_button":"","_cta_button":"field_65c36f6b3b0ff","cta_button_second_title":"","_cta_button_second_title":"field_61d40397c2f0a","cta_button_second_button_type":"link","_cta_button_second_button_type":"field_63bbde3b8f0d0","cta_button_second_link":"","_cta_button_second_link":"field_61d4039bc2f0b","cta_button_second_button_style":"primary","_cta_button_second_button_style":"field_63872d045d0f0","cta_button_second_target":"_self","_cta_button_second_target":"field_63872c705d0ef","cta_button_second_button_extra_classes":"","_cta_button_second_button_extra_classes":"field_642beab6a97de","cta_button_second":"","_cta_button_second":"field_665d956626843","cta_hide_decorator":"1","_cta_hide_decorator":"field_66703ba8c5c84","cta_bg":"gray","_cta_bg":"field_65c36fa23b101","cta_icon_color":"blue","_cta_icon_color":"field_65c3718772d3f","cta_max_text_width":"narrow","_cta_max_text_width":"field_665d94ed26842","cta_width":"container","_cta_width":"field_662f6bc522931","cta_disable_margin_bottom":"0","_cta_disable_margin_bottom":"field_668789ff03b2f"},"mode":"edit"},"innerBlocks":[],"innerHTML":"","innerContent":[]}],"meta_data":{"container":""},"_links":{"self":[{"href":"https:\/\/krio.hu\/index.php\/wp-json\/wp\/v2\/pages\/28","targetHints":{"allow":["GET"]}}],"collection":[{"href":"https:\/\/krio.hu\/index.php\/wp-json\/wp\/v2\/pages"}],"about":[{"href":"https:\/\/krio.hu\/index.php\/wp-json\/wp\/v2\/types\/page"}],"author":[{"embeddable":true,"href":"https:\/\/krio.hu\/index.php\/wp-json\/wp\/v2\/users\/1"}],"replies":[{"embeddable":true,"href":"https:\/\/krio.hu\/index.php\/wp-json\/wp\/v2\/comments?post=28"}],"version-history":[{"count":10,"href":"https:\/\/krio.hu\/index.php\/wp-json\/wp\/v2\/pages\/28\/revisions"}],"predecessor-version":[{"id":4252,"href":"https:\/\/krio.hu\/index.php\/wp-json\/wp\/v2\/pages\/28\/revisions\/4252"}],"up":[{"embeddable":true,"href":"https:\/\/krio.hu\/index.php\/wp-json\/wp\/v2\/pages\/22"}],"wp:attachment":[{"href":"https:\/\/krio.hu\/index.php\/wp-json\/wp\/v2\/media?parent=28"}],"curies":[{"name":"wp","href":"https:\/\/api.w.org\/{rel}","templated":true}]}}